lculate d(7).
382
Let j(z) = -z**2 + 1682*z + 191482. Calculate j(-107).
59
Let h(z) = 4*z**3 - 253*z**2 - 929*z - 5097. What is h(67)?
-5
Let d(r) = 7056*r + 2483705. Give d(-352).
-7
Let b(p) = 324*p**2 - 57997*p + 172. Give b(179).
-7
Let k(f) = -1673*f + 3460. Calculate k(3).
-1559
Let t(p) = -5*p**3 + 240*p**2 - 1444*p + 69302. Determine t(48).
-10
Let c(a) = 17*a**3 - 49*a**2 + 990*a - 2983. Calculate c(3).
5
Let g(r) = -74*r - 3590. What is g(-81)?
2404
Let y(k) = -37*k**2 + 3327*k - 6498. Determine y(2).
8
Let n(g) = -1591*g + 41327. Calculate n(26).
-39
Let o(m) = -95*m - 7473. Give o(-72).
-633
Let c(g) = -g**3 + 18*g**2 + 2087*g + 1535. Give c(56).
-761
Let n(b) = 12*b**2 - 4061*b - 2363. Calculate n(339).
10
Let t(c) = -7*c**3 + 27*c**2 + 52*c + 5. Determine t(-2).
65
Let g(f) = f**3 + 16*f**2 - 1801*f - 17976. Give g(-10).
634
Let b(c) = -109*c**3 - 1832*c**2 + 347*c - 174. What is b(-17)?
-4
Let k(f) = 264472*f + 13752541. Calculate k(-52).
-3
Let n(p) = 187450*p - 562397. Calculate n(3).
-47
Let s(g) = -22923*g + 229595. What is s(10)?
365
Let p(d) = -d**3 + 31*d**2 - 58*d - 2709. Determine p(-10).
1971
Let u(x) = 79*x**2 - 432*x - 14. Determine u(5).
-199
Let k(j) = 276*j**2 + 2192*j + 133. What is k(-8)?
261
Let n(u) = -1507*u - 150693. Determine n(-100).
7
Let l(a) = -154533*a - 9735573. Calculate l(-63).
6
Let l(t) = -t**3 + 40*t**2 + 782*t + 376. Calculate l(-14).
12
Let q(l) = -462*l - 96045. What is q(-208)?
51
Let r(n) = 2*n**3 - 328*n**2 + 60*n + 43353. Give r(163).
-5
Let b(m) = 48*m - 3429. Calculate b(71).
-21
Let q(i) = -1686*i + 15748. Give q(9).
574
Let t(m) = 15*m**2 - 821*m + 181. What is t(55)?
401
Let l(n) = -2*n**2 - 8284*n - 140174. What is l(-17)?
76
Let w(t) = -4*t**2 - 1331*t + 26880. What is w(-352)?
-224
Let i(j) = j**2 - 3584*j - 970686. What is i(-253)?
75
Let v(p) = -447*p**3 - 17000*p**2 - 526*p + 239. Calculate v(-38).
11
Let v(b) = -18*b**2 - 140*b - 1231. What is v(-10)?
-1631
Let v(f) = -f**2 + 4783*f + 433594. Calculate v(-89).
-14
Let k(r) = r**2 - 7192*r + 28738. What is k(4)?
-14
Let a(u) = -5*u**3 + 45*u**2 + 140*u - 448. Calculate a(2).
-28
Let y(d) = -18320*d + 207. What is y(0)?
207
Let j(d) = -11*d - 447. Calculate j(-153).
1236
Let z(n) = -1483*n**2 + 4301*n + 4300. Determine z(-1).
-1484
Let f(y) = 275*y + 5689. Calculate f(-8).
3489
Let x(l) = -l**3 + 12*l**2 + 363*l + 234. Calculate x(25).
1184
Let y(n) = 1859*n - 2089542. Give y(1124).
-26
Let v(m) = 2*m**2 + 723*m + 2485. Determine v(-358).
-21
Let f(q) = q**2 + 1529*q + 85314. Calculate f(-58).
-4
Let u(m) = 347*m**2 + 15948*m - 182. What is u(-46)?
462
Let o(i) = i**3 - 145*i**2 - 4439*i + 190. Calculate o(-26).
8
Let j(f) = f**3 - 7*f**2 + 87067*f - 348219. What is j(4)?
1
Let x(r) = r**2 - 167*r + 6635. Determine x(65).
5
Let z(l) = 10789*l - 129501. Give z(12).
-33
Let x(b) = 133*b**2 - 342*b - 199. Determine x(3).
-28
Let j(l) = -l**2 + 1357*l + 345149. What is j(1576)?
5
Let u(d) = 27*d**2 + 79*d - 474. Give u(-6).
24
Let d(r) = r**3 - 33*r**2 - 54*r + 666. Give d(35).
1226
Let m(d) = -11*d**2 - 3127*d + 5437. Determine m(-286).
3
Let h(m) = -3*m**3 - 14*m**2 - 464*m - 2347. Calculate h(-5).
-2
Let r(x) = 24*x**2 + 277*x + 25. Calculate r(-13).
480
Let m(r) = 391*r**3 + 1563*r**2 + 6*r + 41. Determine m(-4).
1
Let h(j) = j**3 + 203*j**2 + 573*j - 5313. Calculate h(-200).
87
Let j(k) = -33334*k - 266910. What is j(-8)?
-238
Let k(s) = 786*s - 130945. Give k(166).
-469
Let l(y) = 202940*y + 1. What is l(0)?
1
Let v(n) = -10543*n - 2034743. Give v(-193).
56
Let t(i) = 2*i**2 - 22*i + 175. What is t(5)?
115
Let k(c) = -4*c**2 - 23510*c + 259087. Give k(11).
-7
Let v(x) = -4573*x + 22919. Determine v(5).
54
Let z(y) = -238452*y + 715342. What is z(3)?
-14
Let i(x) = -211905*x + 1271418. Determine i(6).
-12
Let z(g) = 115*g**3 + 475*g**2 + 66*g + 7. Determine z(-4).
-17
Let d(m) = -2*m**2 + 264*m - 2343. What is d(9)?
-129
Let w(j) = -4484*j + 233146. What is w(52)?
-22
Let i(a) = -1226*a**2 + 250*a + 5. Determine i(1).
-971
Let d(f) = -f**3 - 13*f**2 + 13300*f + 186011. What is d(-14)?
7
Let d(x) = -2281*x**2 - 4527*x - 20. Determine d(-2).
-90
Let z(w) = 353*w - 110830. Determine z(314).
12
Let y(f) = 3*f**2 - 2088*f + 12438. Calculate y(6).
18
Let l(h) = -6*h**3 - 13*h**2 + h + 18. Calculate l(-4).
190
Let i(r) = 24678*r - 271462. Calculate i(11).
-4
Let s(p) = -p**3 + 431*p**2 - 19475*p + 36105. Calculate s(380).
5
Let r(p) = -1058*p**2 + 173*p + 177. What is r(-2)?
-4401
Let b(z) = -2*z**3 + 18*z**2 + 9*z + 2. Calculate b(-2).
72
Let o(w) = -w**2 + 173*w + 39409. Give o(303).
19
Let x(v) = -v**2 - 391*v + 41622. What is x(87)?
36
Let t(n) = 2*n**2 + 4092*n - 28776. Determine t(7).
-34
Let x(s) = 17540*s + 982153. What is x(-56)?
-87
Let g(z) = 104*z**2 - 160*z - 54. What is g(6)?
2730
Let g(k) = -k**3 - 5*k**2 - 21027*k - 147214. Determine g(-7).
73
Let c(s) = 4879*s + 13097. Calculate c(-3).
-1540
Let y(p) = -87*p**3 - 142*p**2 + 296*p - 1. Calculate y(2).
-673
Let r(h) = h**3 + 126*h**2 + 245*h - 1573. Give r(-124).
-1201
Let m(x) = -x**3 - 42*x**2 + 104*x - 3150. Calculate m(-46).
530
Let c(i) = i**3 - 18*i**2 + 56*i - 99. Give c(12).
-291
Let t(w) = 43982*w - 307875. Determine t(7).
-1
Let g(h) = 5*h**2 - 110*h - 135. Determine g(21).
-240
Let a(g) = 10*g**2 + 442*g - 16261. Give a(24).
107
Let t(w) = -w**3 - 16*w**2 + 87*w + 232. What is t(-19)?
-338
Let l(u) = 1577*u**2 - 6335*u + 109. What is l(4)?
1
Let m(j) = 488128*j - 487969. Give m(1).
159
Let v(f) = 127920*f + 9849824. What is v(-77)?
-16
Let i(k) = -k**2 + 11477*k + 80395. What is i(-7)?
7
Let n(q) = -q**2 - 4361*q - 78159. Calculate n(-18).
15
Let x(j) = -2274*j**2 + 3997*j + 1108. Determine x(2).
6
Let i(x) = -69888*x - 1747190. Calculate i(-25).
10
Let k(t) = t**3 + 22*t**2 - 81*t + 520. Calculate k(-26).
-78
Let b(y) = -80990*y - 20895424. Give b(-258).
-4
Let g(x) = -6*x**2 + 3239*x + 22515. Calculate g(-7).
-452
Let p(g) = -g**3 + 83*g**2 + 705*g - 64169. Calculate p(82).
365
Let o(m) = -19462*m + 116772. Calculate o(6).
0
Let a(l) = -l**3 + 5*l**2 + 59*l + 295. Calculate a(12).
-5
Let j(p) = -57*p**2 + 14023*p - 295. Calculate j(246).
-49
Let r(u) = 74*u**2 + 1269*u + 5414. Give r(-9).
-13
Let q(x) = 2*x**3 + 34*x**2 - 4225*x - 71557. Give q(-17).
268
Let p(w) = -w**3 - 623*w**2 + 2552*w + 27483. Calculate p(-627).
-105
Let z(k) = -k**3 + 559*k**2 + 16433*k - 92. Give z(-28).
-8
Let k(f) = -18*f**3 - 452*f**2 + 449*f + 885. Determine k(-26).
27
Let n(w) = w**2 + 179*w - 13816. What is n(71)?
3934
Let t(j) = -j**3 + 21*j**2 + 123*j - 1006. Determine t(8).
810
Let q(u) = 348*u**3 - 9*u**2 + 111*u - 278. Calculate q(3).
9370
Let a(d) = 316*d**3 + 39*d**2 + 73*d. What is a(-2)?
-2518
Let w(n) = n**3 - 15*n**2 - 143*n - 64. Give w(22).
178
Let x(m) = 2*m**2 - 2742*m + 304776. Give x(122).
20
Let w(n) = -2102*n + 60975. Give w(29).
17
Let l(z) = z**3 + 66*z**2 - 629*z - 2757. What is l(-74)?
-19
Let j(z) = 938*z - 18193. Calculate j(20).
567
Let g(q) = 5*q**2 - 227*q - 21743. Determine g(-47).
-29
Let c(p) = -4*p**2 - 6113*p - 2321677. Determine c(-823).
6
Let t(k) = -139653*k - 3072227. Give t(-22).
139
Let p(b) = -2*b**2 + 22528*b + 67574. Calculate p(-3).
-28
Let t(i) = 508*i + 41735. What is t(-82)?
79
Let v(a) = 3*a**3 - 645*a**2 + 4413*a - 9364. Determine v(208).
-4
Let i(j) = 56975*j - 455892. What is i(8)?
-92
Let s(r) = -15525*r - 2670346. Calculate s(-172).
-46
Let y(l) = -370*l + 8659. What is y(22)?
519
Let v(o) = 3620*o + 318072. Calculate v(-88).
-488
Let y(g) = 1580*g - 107077. Calculate y(68).
363
Let l(t) = -18*t**2 - 80145*t - 320594. Determine l(-4).
-302
Let n(l) = -l**3 + 2575*l**2 + 23251*l - 34. Calculate n(-9).
11
Let g(n) = -44*n**3 - 2*n**2 + 26*n - 70. Determine g(3).
-1198
Let f(b) = 3*b**2 + 322*b + 3262. Determine f(-103).
1923
Let h(l) = l**3 + 138*l**2 - 246*l + 4732. Calculate h(-140).
-28
Let x(f) = -205*f**2 - 1985*f + 723. Calculate x(-10).
73
Let f(z) = -z**3 - 25*z**2 + 1645*z + 39781. What is f(-24)?
-275
Let a(n) = 20*n**2 + 643*n + 4091. Give a(-22).
-375
Let t(k) = k**3 + 6*k**2 + 25*k + 690. Give t(-11).
-190
Let o(l) = -2508*l + 2177. What is o(1)?
-331
Let t(y) = 47*y - 2113. Give t(53).
378
Let a(l) = l**2 + 1